 Let d = v - 16. Suppose -2*s + 2*t = -5*s + d, s + 3*t = -4. What are the prime factors of s?
11
Suppose 0 = -3*c - l - 33 + 126, 5*c - 5*l - 135 = 0. List the prime factors of -3*c/(-9) - 2.
2
Let s(w) be the first derivative of w**2/2 + 15*w + 3. Let y be s(-7). Let b = -5 + y. What are the prime factors of b?
3
Let s = 25 - 13. Let q = -13 - s. What are the prime factors of q/(-3) - (-1)/(-3)?
2
Let j(d) = 3*d - 1. Let c be j(-9). Let i = c - -52. What are the prime factors of i?
2, 3
Let u(b) = -7*b**2 + 12*b + 2. Let g(a) = -a**2 + a. Let k(c) = 6*g(c) - u(c). List the prime factors of k(8).
2, 7
Let y(h) = -h**3 - 2*h**2 + 2*h - 2. Let u be y(2). Let m be (-2)/(-7) - (-65)/(-7). Let z = m - u. What are the prime factors of z?
5
Let n be (-6)/((18/(-4))/(-3)). Let o be (-6)/n + 2/4. Suppose 0*t = o*t - 14. What are the prime factors of t?
7
List the prime factors of (-6)/4 - (-3861)/26.
3, 7
Suppose -42 = -0*a - 2*a. Suppose 84 - a = -3*b. What are the prime factors of (b/9)/(2/(-6))?
7
Let u = 13 - 8. Suppose -u*k = 4 - 24. What are the prime factors of k?
2
Let u = 7 - 37. What are the prime factors of 6/(-21) - u/7?
2
Suppose -2 = -2*b, -24*b + 27*b - 368 = -k. List the prime factors of k.
5, 73
Let w(z) = 2*z**3 - 4*z + 4. Let q = 7 + -5. What are the prime factors of w(q)?
2, 3
Let y(g) = g - 5. Let b be y(7). Let o be ((-16)/4 - 0) + 9. Suppose 94 = o*k + 3*c, -4*c = -b*k - 0*c + 22. List the prime factors of k.
17
Suppose r + 30 = 2*r. Suppose 5*p - 10 = 0, -u + 5*p + r = 8. List the prime factors of u.
2
Let t(x) = -x + 2. Let m be t(-2). Let h(b) = 2*b + 4. List the prime factors of h(m).
2, 3
Let b = -7 - 13. Let n = -2 - b. What are the prime factors of n?
2, 3
Let c be -2 + 2 + 12 - 1. Suppose -k = -4*d - c, 0 = 2*k + 2*k + 4. What are the prime factors of 5 - (d - -1)/(-2)?
2
Let j(b) = -b**3 + 5*b**2 + 6*b - 2. Let g(d) = -d**3 + 6*d**2 + 7*d - 3. Let r(z) = 4*g(z) - 5*j(z). List the prime factors of r(3).
2, 5
Let k = -72 - -39. Let g = 50 + k. What are the prime factors of g?
17
Suppose -4*m - z - 15 = 0, 3*m + 7 = m - z. List the prime factors of 122/6 + m/(-6).
3, 7
Let t be 84/9*27/(-6). Let g = t + 74. What are the prime factors of g?
2
Suppose -2*b + 2*o = 5*o - 40, 4*o = 2*b - 54. What are the prime factors of b?
23
Suppose 0 = -2*z + 4*a - 4, -4*z = z - a - 17. Suppose z*j - 32 - 44 = 0. What are the prime factors of j?
19
Let q(t) = -t - 4. Let s be q(-6). Let k = s + 4. List the prime factors of k.
2, 3
Let i(y) = -y**2 - 2*y - 2. Let g be i(-2). What are the prime factors of ((-2)/(g/(-3)))/(-1)?
3
Let u = 1 - 1. Let f = 0 - u. Suppose -w + 5*w - 44 = f. List the prime factors of w.
11
List the prime factors of 18/54*(0 - -843).
281
Let v be -2 + 3 + (32 - -3). List the prime factors of 1448/v + (-6)/27.
2, 5
Let m(z) = -2*z**2 - 7*z. List the prime factors of m(-3).
3
Suppose 5*j + 5*a = 290, -a = -0*j - 4*j + 242. List the prime factors of j.
2, 3, 5
Let b = -8 + 20. Let g(q) = q**3 + 2*q**2 - q**2 + b + 0*q**3 + q. What are the prime factors of g(0)?
2, 3
Suppose -3*c + 0*c - 21 = -4*f, -c = 3*f - 32. What are the prime factors of f?
3
Suppose 2 + 4 = 3*c. Suppose -3*k = -c*k. Suppose -4*a + 5*g - 11 + 41 = k, 3*a - 32 = -g. List the prime factors of a.
2, 5
What are the prime factors of (-2 - -6)*-134*2/(-4)?
2, 67
Let h(w) = w**3 + 3*w**2 - 5*w + 2. What are the prime factors of h(-4)?
2, 3
Let a(b) = b**2 + 7*b + 4. Let f be a(-6). Let v(m) = -5*m**3. What are the prime factors of v(f)?
2, 5
Suppose 4*t + 251 = -5*h, -2*h - 2*t - 86 = -4*t. Let m = -32 - h. What are the prime factors of m?
3, 5
Let a(q) be the third derivative of -5*q**4/24 - q**2. Suppose -y - 2*y = 3. List the prime factors of a(y).
5
List the prime factors of 245/98 - -3*470/4.
5, 71
Let h(u) = u**3 - 4*u**2 - 5*u - 2. Let m be h(5). Let a be -1 - (1 - (-6)/(-1)). Let l = a + m. What are the prime factors of l?
2
Let p(u) = 4*u**2 - 18*u + 15. What are the prime factors of p(9)?
3, 59
Suppose -5*m + 41 = 6. What are the prime factors of m?
7
What are the prime factors of ((2 - 4) + 6)*(-55)/(-2)?
2, 5, 11
Suppose -2*f + 208 = 3*t, 5*f + 194 = 3*t - 0*f. What are the prime factors of t?
2, 17
Let f = -1 + 17. Suppose 3*h - f = -h. List the prime factors of (-2 + h + -8)/(-2).
3
Let w be 3/(-3)*(2 + -2). Let p be w/3 + 0/(-1). Let h = 9 - p. List the prime factors of h.
3
Suppose 3*i + i = 12. Let r(s) = s**3 + 3*s - 4. Let o be r(i). List the prime factors of o/6*3/2.
2
Let g = 4 - -26. Let a be (-18)/((g/4)/(-5)). Suppose -44 - a = -4*s. List the prime factors of s.
2, 7
Let n(s) = -2*s + 3. Let u(c) = -c**3 - 5*c**2 + 8*c + 8. Let x be u(-6). List the prime factors of n(x).
11
Suppose -3*n - 4*g + 22 = 0, -3*n = 2*n + g - 14. Let o(j) = -1 + 0*j**2 - j + 0 + 0*j**2 - 2*j**3 - j**n. What are the prime factors of o(-2)?
13
Suppose 69 - 13 = 2*s. What are the prime factors of s?
2, 7
Suppose -2*n + 5*f + 20 = 0, 3*f = 3*n + 2*f - 4. Suppose n = y - 1 - 1. What are the prime factors of y?
2
Suppose 2 = 5*o - 108. What are the prime factors of o?
2, 11
Suppose -2 = -u - 11. Let l(w) = -3*w - 3. List the prime factors of l(u).
2, 3
Let u(z) = -z - 4. Let m be u(-3). Let j = 4 - m. Suppose -2*o + j*h + 25 = o, 3 = 3*h. What are the prime factors of o?
2, 5
Suppose 0 = k - 2*u - 18 - 5, 3*u = 2*k - 51. List the prime factors of k.
3, 11
Let k = -67 - -146. What are the prime factors of k?
79
Suppose 22 = -3*a - 2*b - 3*b, -5*a - 18 = -b. Let w(o) = o**3 + 4*o**2 - 4*o - 5. What are the prime factors of w(a)?
11
Suppose -6*z + 8 = -2*z. Let o = -6 + 5. Let s = z - o. List the prime factors of s.
3
Suppose -3*m = -o + 15, -3*o + 30 + 2 = 4*m. Suppose v - 4 = 4*f, 3*v + 0*f + 2*f = o. List the prime factors of v.
2
Let p = 5 + -1. Suppose -h = -a + 1 - 0, 14 = p*h + 2*a. Suppose -4*m + 38 = -h. What are the prime factors of m?
2, 5
Let g = 8 + -5. Suppose 7*o = -2*x + g*o + 12, -x + 6 = -4*o. Suppose -22 = -2*z + x. What are the prime factors of z?
2, 7
Suppose -2*n + 54 = -5*d, 3*n + 131 = 6*n + 5*d. What are the prime factors of n?
37
Let d = -18 + 61. List the prime factors of d.
43
Suppose -5*p + 7*u = 2*u - 45, 2*u - 24 = -4*p. What are the prime factors of p?
7
Let s(n) = 179*n + 1. What are the prime factors of s(1)?
2, 3, 5
Suppose q + 27 = 4*r - 102, -4*r - q = -119. What are the prime factors of r?
31
Let f(y) = y**3 - 3*y**2 + y - 2. Let z be f(3). Suppose -t + 4 = -z. Suppose 0 = 4*l + 12, t*l + 23 = a - 0*l. What are the prime factors of a?
2
Suppose 4*u + 0*u + 4*v - 116 = 0, -5*u - 3*v = -147. List the prime factors of u.
2, 3, 5
Let k(u) = 2*u. Let o(i) = 5*i + 3. Let n(x) = 4*k(x) - 2*o(x). List the prime factors of n(-4).
2
Let h(j) = 18*j - 7. Let r be h(5). Suppose 5*v = r + 57. Suppose -4*x = -4*m - v, -m - 19 = -4*x + 18. What are the prime factors of x?
2, 5
Suppose 3*g - 5*s - 54 + 10 = 0, 2*g - 4*s = 30. Suppose -2*q - a + 53 = 0, 5*a = -2*q + 28 + g. List the prime factors of q.
2, 7
Let o be (2/(-5))/(2/(-10)). Let b(p) = -p**2 + 7*p - 3. Let r be b(6). Suppose r*m - o = 16. What are the prime factors of m?
2, 3
Suppose -11*i = 2*i - 247. List the prime factors of i.
19
Let r(f) = -f**2 - 4*f + 129. What are the prime factors of r(0)?
3, 43
Let d(u) = u**2 - 2*u + 3. Let w be d(2). Suppose -k + 11 = -w. What are the prime factors of k?
2, 7
Let l(x) = -x + 8. Let h(n) = 2*n - 7. Let f(q) = -3*h(q) - 2*l(q). Let w be f(4). Let k = w - -18. List the prime factors of k.
7
Let x = 58 - 9. List the prime factors of x.
7
Suppose -8 = 5*n - 18. Let v(h) = 2*h. Let w be v(n). Suppose 0 = 3*x + 2*x - 10, -w*c = 2*x - 88. What are the prime factors of c?
3, 7
Suppose -4*j - 1 = -5*g + 9, 3*j = -4*g - 23. Let n(v) = -6*v - 5 + v + 2 + 4. What are the prime factors of n(g)?
11
Suppose 4*l - 18 - 198 = 0. What are the prime factors of l?
2, 3
Let c = 8 - -7. List the prime factors of c.
3, 5
Let c(w) = 271*w**2 + 2*w + 2. What are the prime factors of c(1)?
5, 11
Suppose 4*u + 4*h = 35 + 41, 0 = 4*u - 4*h - 116. What are the prime factors of u?
2, 3
Let c be (-4)/10 - (-2188)/20. Suppose -5 + c = 4*u. List the prime factors of u.
2, 13
Suppose 4*y = -2*a + 104, 4*y - 2*a - 130 = -y. What are the prime factors of y?
2, 13
Let k 